
What is the remainder when 167438 is divided by 751?
716
Calculate the remainder when 124999 is divided by 173.
93
What is the remainder when 905810 is divided by 905367?
443
Calculate the remainder when 20594447 is divided by 3432397.
65
Calculate the remainder when 499985 is divided by 4893.
899
What is the remainder when 182615 is divided by 4852?
3091
What is the remainder when 160805113 is divided by 37?
5
Calculate the remainder when 104925 is divided by 424.
197
Calculate the remainder when 56915 is divided by 19189.
18537
Calculate the remainder when 496026 is divided by 1037.
340
Calculate the remainder when 5657834 is divided by 102.
98
What is the remainder when 21054424 is divided by 62?
30
What is the remainder when 243690 is divided by 4273?
129
Calculate the remainder when 7638832 is divided by 56.
40
What is the remainder when 128354239 is divided by 42784743?
10
What is the remainder when 1402068 is divided by 482?
412
What is the remainder when 1846027 is divided by 614883?
1378
Calculate the remainder when 2564968 is divided by 813.
766
Calculate the remainder when 1496475 is divided by 117.
45
What is the remainder when 161254 is divided by 10744?
94
What is the remainder when 94329911 is divided by 791?
788
What is the remainder when 5726279 is divided by 340?
339
Calculate the remainder when 30589064 is divided by 119.
114
What is the remainder when 32466699 is divided by 21?
6
Calculate the remainder when 77838 is divided by 36.
6
What is the remainder when 630081 is divided by 135?
36
Calculate the remainder when 11038 is divided by 293.
197
Calculate the remainder when 105021 is divided by 388.
261
What is the remainder when 699894 is divided by 150?
144
What is the remainder when 1700971 is divided by 566957?
100
What is the remainder when 5740496 is divided by 949?
944
What is the remainder when 4161687 is divided by 143506?
13
Calculate the remainder when 62524985 is divided by 55.
50
Calculate the remainder when 781848 is divided by 975.
873
What is the remainder when 39519059 is divided by 683?
679
Calculate the remainder when 25509102 is divided by 8503001.
99
Calculate the remainder when 182760 is divided by 182056.
704
Calculate the remainder when 6792312 is divided by 20.
12
What is the remainder when 4952 is divided by 3743?
1209
What is the remainder when 2697838 is divided by 52?
26
What is the remainder when 807244879 is divided by 17?
15
What is the remainder when 1359537 is divided by 323?
30
What is the remainder when 17281636 is divided by 269?
0
Calculate the remainder when 7271024 is divided by 1951.
1598
What is the remainder when 1250236 is divided by 79?
61
What is the remainder when 495147 is divided by 435?
117
Calculate the remainder when 98769 is divided by 440.
209
What is the remainder when 12771 is divided by 5487?
1797
What is the remainder when 50805 is divided by 12520?
725
Calculate the remainder when 30349 is divided by 322.
81
Calculate the remainder when 8847 is divided by 1815.
1587
What is the remainder when 2108722 is divided by 31?
9
Calculate the remainder when 72579 is divided by 7240.
179
What is the remainder when 42313 is divided by 1070?
583
What is the remainder when 39179597 is divided by 502?
3
Calculate the remainder when 1086302 is divided by 818.
816
Calculate the remainder when 5038816 is divided by 82603.
33
Calculate the remainder when 33562112 is divided by 11187366.
14
What is the remainder when 1371995 is divided by 829?
0
What is the remainder when 5477126 is divided by 92830?
156
What is the remainder when 20376571 is divided by 1206?
1201
Calculate the remainder when 86010792 is divided by 1755.
1752
Calculate the remainder when 21703963 is divided by 2712983.
99
Calculate the remainder when 28659307 is divided by 23.
19
What is the remainder when 227207 is divided by 3650?
907
What is the remainder when 4275591 is divided by 328890?
21
What is the remainder when 1241377 is divided by 7054?
6927
Calculate the remainder when 10179176 is divided by 1746.
1742
Calculate the remainder when 38327501 is divided by 354884.
29
Calculate the remainder when 566112 is divided by 11319.
162
What is the remainder when 193058 is divided by 4600?
4458
What is the remainder when 23023443 is divided by 940?
23
What is the remainder when 59511773 is divided by 96610?
13
What is the remainder when 29803430 is divided by 2028?
1970
Calculate the remainder when 490804795 is divided by 7.
5
What is the remainder when 4937 is divided by 890?
487
What is the remainder when 331647 is divided by 530?
397
What is the remainder when 32193637 is divided by 136?
125
Calculate the remainder when 10654316 is divided by 862.
858
Calculate the remainder when 4241231 is divided by 58099.
4
What is the remainder when 16673 is divided by 1601?
663
Calculate the remainder when 10714700 is divided by 15.
5
Calculate the remainder when 15997197 is divided by 1194.
1179
Calculate the remainder when 391356 is divided by 155.
136
Calculate the remainder when 352742 is divided by 44088.
38
Calculate the remainder when 437375 is divided by 3803.
30
What is the remainder when 674475 is divided by 117?
87
Calculate the remainder when 19589 is divided by 751.
63
Calculate the remainder when 2972718 is divided by 202.
86
Calculate the remainder when 491825 is divided by 245683.
459
Calculate the remainder when 8353844 is divided by 439672.
76
Calculate the remainder when 61357 is divided by 508.
397
Calculate the remainder when 4032336 is divided by 137.
15
What is the remainder when 4890160 is divided by 282?
280
What is the remainder when 6864822 is divided by 51230?
2
What is the remainder when 19924880 is divided by 284641?
10
Calculate the remainder when 47299 is divided by 2480.
179
What is the remainder when 763565 is divided by 254501?
62
What is the remainder when 1492132 is divided by 3407?
3273
What is the remainder when 159308153 is divided by 1831128?
17
Calculate the remainder when 9184485 is divided by 765354.
237
What is the remainder when 4707764 is divided by 57?
20
Calculate the remainder when 734221 is divided by 23.
15
What is the remainder when 668493320 is divided by 49?
40
What is the remainder when 666812808 is divided by 670?
668
What is the remainder when 13737713 is divided by 2289616?
17
What is the remainder when 2156945 is divided by 25?
20
Calculate the remainder when 394716 is divided by 132.
36
Calculate the remainder when 886731 is divided by 221674.
35
What is the remainder when 28508866 is divided by 9502951?
13
What is the remainder when 76474 is divided by 76281?
193
Calculate the remainder when 243745 is divided by 371.
369
What is the remainder when 106301358 is divided by 440?
438
Calculate the remainder when 6720390 is divided by 574.
572
What is the remainder when 101666826 is divided by 486?
0
Calculate the remainder when 57732442 is divided by 365.
27
What is the remainder when 19073375 is divided by 63?
62
What is the remainder when 1169732 is divided by 1230?
2
Calculate the remainder when 1057849 is divided by 5085.
169
What is the remainder when 76386 is divided by 25435?
81
What is the remainder when 19195 is divided by 18998?
197
What is the remainder when 242490 is divided by 36?
30
Calculate the remainder when 3926378 is divided by 83.
63
Calculate the remainder when 15168612 is divided by 67416.
12
What is the remainder when 19274452 is divided by 4213?
4190
Calculate the remainder when 671193 is divided by 335581.
31
What is the remainder when 3095971 is divided by 21205?
41
Calculate the remainder when 17601607 is divided by 2514514.
9
Calculate the remainder when 16118110 is divided by 895449.
28
What is the remainder when 4244459 is divided by 873?
806
Calculate the remainder when 2091946 is divided by 8538.
136
What is the remainder when 1004404 is divided by 32400?
4
What is the remainder when 41049919 is divided by 7822?
63
Calculate the remainder when 20851 is divided by 9921.
1009
Calculate the remainder when 15941938 is divided by 11.
1
Calculate the remainder when 134521 is divided by 3224.
2337
What is the remainder when 287273 is divided by 951?
71
Calculate the remainder when 46491545 is divided by 1481.
1474
What is the remainder wh